 when g is divided by 139?
127
Let i(j) = -3*j + 62. What is the remainder when 237 is divided by i(-2)?
33
Let f(z) = -1022*z - 13272. What is the remainder when 1576 is divided by f(-13)?
8
Let a(d) = 50*d + 401*d + 3*d. Let r be a(-1). What is the remainder when (-6)/45 + r/(-30) is divided by 8?
7
Let l(g) = -g**3 - 14*g**2 - 24*g + 4. Let y be l(-12). Suppose 333 = -u + y. What is the remainder when (-4)/(-9) - u/9 is divided by 22?
15
Let h = -17050 - -17207. Calculate the remainder when 5022 is divided by h.
155
Let f = 14 + -13. What is the remainder when 2 - (-3135)/152 - 3/(-8) is divided by (-5)/(15/(-9)) + f?
3
Let o = 11 - 245. Let v = o + 260. What is the remainder when v is divided by 19?
7
Suppose -430*d - 567 = -457*d. Calculate the remainder when 1803 is divided by d.
18
Let f be ((-2)/(-3)*21)/(-2). Let d(j) = j**3 + 8*j**2 - 7. What is the remainder when d(f) is divided by (-1 - (-50)/4)*(21 - (21 + -2))?
19
Let d = -1066 - -1865. Calculate the remainder when d is divided by 207.
178
Suppose 196*b = 195*b - 78. Calculate the remainder when 65 is divided by 52/3 + (-52)/b.
11
Suppose -5*o = -3*a - 359, 2*o + 140*a = 144*a + 152. Suppose 0 = 5*c - 3*c + 58. Let j = 67 + c. What is the remainder when o is divided by j?
32
What is the remainder when (-42)/(-6 - -8*6/9) is divided by 5?
3
Let h = 12789 - 12708. Calculate the remainder when h is divided by 37.
7
Suppose 4*s = -11*u + 10*u + 12, 5*u - s - 18 = 0. Suppose 0 = 2*b - 8, 2*t = 6*t + 5*b - 60. Calculate the remainder when t is divided by u.
2
Suppose q + 492 = 4*g, -149 = -2*g - 5*q + 119. Let d = -77 + g. What is the remainder when 90 is divided by d?
43
Suppose 65 = b - 2*k, -3*b = b + 4*k - 308. Let a(h) = -h**3 + 120*h + 22. What is the remainder when b is divided by a(11)?
7
Suppose -2559 = -13*f + 795. What is the remainder when f is divided by 29?
26
Suppose 0 = -2*u - 4*d + 128, 3 = 4*d - 5. Suppose 0 = 5*r - 20 - u. Let m(t) = 16*t - 1. Calculate the remainder when m(4) is divided by r.
15
What is the remainder when ((-520)/(-80) + (-2 - 8))/((-1)/38) is divided by 122?
11
Suppose 2*m - 111 = -3*n, 5*n + 105 = 4*m - 128. What is the remainder when m/(-285)*(-1 - 994) is divided by 29?
25
Calculate the remainder when 738 is divided by -4*((-31)/4 + 7).
0
Calculate the remainder when 663 is divided by (-1)/18 + 803/198.
3
Let o(w) be the third derivative of 5*w**4/8 + 463*w**3/6 + 121*w**2. What is the remainder when o(0) is divided by 15?
13
Let p(q) = q**3 + 8*q**2 - 3*q - 23. Let f be p(-8). Suppose -v = -56 - 6. Calculate the remainder when v is divided by 21/7 - (-4)/f.
6
Suppose -11*c = -15*c - q + 70, -7*q = 3*c - 40. What is the remainder when 1034 is divided by c?
8
Let d(v) be the first derivative of -11*v**4/2 + v**3/3 + v**2 - 28. Let y be d(-1). Let n = y - 1. Calculate the remainder when n is divided by 9.
2
Let b = -1285 + 1297. Calculate the remainder when 48 is divided by b.
0
Let l(t) = 2*t**2 + 7*t - 110. What is the remainder when l(-29) is divided by 273?
4
Let r(w) = -2*w**2 - 60*w - 345. What is the remainder when 4196 is divided by r(-15)?
101
Let s(d) = 46*d**2 - 19*d - 3. What is the remainder when 1161 is divided by s(1)?
9
Suppose 1722*p - 400 = 1697*p. What is the remainder when 2988 is divided by p?
12
Let d(y) = 2*y**2 - 21*y - 33. Let n be d(12). Suppose -a = 2*w - 63, -a - n*w + 21 + 38 = 0. What is the remainder when a is divided by 9?
8
Let c = 55 + -53. Let w(o) = -9 + 4*o**2 - 7*o - 2*o**2 + o**2 + o**c. Calculate the remainder when 75 is divided by w(-2).
12
Suppose 9*i + 124818 - 127383 = 0. What is the remainder when 855 is divided by i?
0
Calculate the remainder when (128/40)/4*(4154/4 + -1) is divided by 13.
11
Let o(a) = a**3 + a**2 - 15*a + 10. Let f be o(4). Suppose f*s - 65 = 25*s. Calculate the remainder when 297 is divided by s.
11
Suppose 425*p + 5440 = 510*p. Calculate the remainder when 4931 is divided by p.
3
Let y(o) = 3*o**2 - 14*o - 20. Let h be y(3). Suppose -4*a = -a - 9. What is the remainder when (-3)/5 + (-721)/h is divided by a?
2
Let p be 100 + (-36)/4 + 13. Suppose 6*b = 338 - p. Calculate the remainder when 504 is divided by b.
36
Suppose 12592 = 14*u + 12340. Calculate the remainder when 808 is divided by u.
16
Suppose 5*j - 255 = -50. Calculate the remainder when 1092/5 + 25 - (-3 - (-51)/15) is divided by j.
38
Suppose -57 = 257*i - 258*i. What is the remainder when (15/45)/(1/i) is divided by 34/8 + (-1)/4?
3
Let s = 16 - 12. Let g be (1 + 10/(-4))/(3/(-54)). Suppose -37 = -2*y + 3*u, g = -4*y + 3*u + 110. Calculate the remainder when y is divided by s.
3
What is the remainder when 2373 is divided by -103 + 122 + 1*3?
19
Calculate the remainder when 1899 is divided by (-207)/621 - 266/(-6).
7
Let m = -835 + 838. Suppose 4*b + 3*l - 60 = 0, m*b - 24 - 46 = 4*l. Calculate the remainder when 249 is divided by b.
15
Calculate the remainder when (-15883)/(-2)*(12 - (-1950)/(-175)) is divided by 148.
147
Let z = -19987 - -20058. What is the remainder when z is divided by 57?
14
Let j = -28 - -7. Let i = j + 37. Let v = 722 + -682. What is the remainder when v is divided by i?
8
Suppose -92 = s + 5*s - 164. Suppose 9 = -o - 4. Let d = o + 60. What is the remainder when d is divided by s?
11
Let y = -52 - -55. Suppose -r = -0*r - y. Calculate the remainder when 112 is divided by r.
1
Suppose -606*u + 7686 = -423*u. Calculate the remainder when u is divided by 131/7 + (-2)/(-7).
4
Let t(p) = 6*p - 4. Suppose 25065 = 786*o - 33885. What is the remainder when o is divided by t(6)?
11
Suppose 220*t + 882 = 4402. What is the remainder when t is divided by 1?
0
Let x(l) = 46*l + 1. Suppose -w + 2*u + 10 = 0, -w - 4 + 22 = -4*u. Calculate the remainder when x(1) is divided by w.
1
Let d = 15 + -18. Let p = 24 + 19. Calculate the remainder when p is divided by ((-90)/24)/(d/12).
13
Let o = -196 - -353. Calculate the remainder when 8004 is divided by o.
154
Suppose l = 4*n - 1 - 3, 3*l + 4*n - 52 = 0. Let t(v) = v**3 - 12*v**2 + 2*v - 17. What is the remainder when 21 is divided by t(l)?
0
Calculate the remainder when 1007 is divided by 18/765*17*70.
27
Let h(v) = 2*v**2 + 6*v - 13. Let k be h(-7). Suppose 0 = -2*l + y + k, 0 = -2*l + 3*l - 4*y - 18. Calculate the remainder when 39 is divided by l.
17
Let k(d) = -d**3 - 7*d**2 - 6*d + 7. Suppose -50*l - 4*f - 1950 = -55*l, 0 = -3*f - 15. What is the remainder when l is divided by k(-7)?
43
Let f(j) = 59*j - 3. Let q be (2/(5 + -1))/((-53)/(-106)). Calculate the remainder when f(q) is divided by 20.
16
Suppose -2*v = v - 15, 2*v = c + 19. Let a(t) = t**3 + 11*t**2 + 11*t + 21. What is the remainder when a(c) is divided by 44?
40
Let r(z) = -31*z + 425. Calculate the remainder when r(-25) is divided by 31.
22
Let i(l) be the third derivative of -l**6/120 + l**5/60 - l**4/24 + 17*l**3 - 2*l**2 - 21*l. What is the remainder when i(0) is divided by 26?
24
Let i = -243 - -300. Suppose -4*z + i = -3*h, 0*z + 3*h - 33 = -2*z. What is the remainder when 53 is divided by z?
8
Let x(q) be the second derivative of -5*q**3/6 + 15*q**2 - 4*q + 7. What is the remainder when 417 is divided by x(-6)?
57
Suppose -5*r + 4*h = -2522, 5*r = -4*h + 165 + 2413. Calculate the remainder when r is divided by 130.
120
Let v(w) = 3*w**2 + 3*w + 2. Suppose 3*g - 6*g - 6 = 0. Let p be v(g). What is the remainder when (112/p)/(3*2/27) is divided by 13?
11
Suppose 22*a + 1525 = 47*a. Let f(j) = 6*j - 34 - 4*j - 5*j. Calculate the remainder when a is divided by f(-14).
5
Suppose -4*j = -3*r - 1140, 5*j = 43*r - 45*r + 1448. Calculate the remainder when j is divided by 21.
15
Let h(k) = 6*k**2 + 421*k - 983. What is the remainder when 13412 is divided by h(-73)?
254
Suppose 4*x - x - 336 = -3*z, 2*x + 124 = z. Suppose 0 = -z*w + 126*w - 1510. Calculate the remainder when w is divided by 31.
27
Let d(h) = -2*h**2 - 6*h - 2*h**3 + 9*h**2 + 3 + h**3. Calculate the remainder when d(4) is divided by -14*176/(-224) - -6.
10
Let z = 285 + -283. What is the remainder when (3/z)/((-12)/(-344)) is divided by 10?
3
What is the remainder when 88 is divided by (-779)/38*(0 - 2)?
6
Let m(d) = 451*d - 1790. Let b = 70 - -13. Calculate the remainder when b is divided by m(4).
13
Let i be ((-3)/2 - -2)/((-3